mainder when 134 is divided by 34?
32
What is the remainder when 881 is divided by 34?
31
What is the remainder when 62 is divided by 15?
2
Calculate the remainder when 391 is divided by 5.
1
Calculate the remainder when 49 is divided by 3.
1
What is the remainder when 34 is divided by 13?
8
What is the remainder when 964 is divided by 39?
28
Calculate the remainder when 984 is divided by 76.
72
Calculate the remainder when 37 is divided by 29.
8
What is the remainder when 259 is divided by 44?
39
Calculate the remainder when 2219 is divided by 551.
15
What is the remainder when 129 is divided by 42?
3
Calculate the remainder when 4326 is divided by 1076.
22
What is the remainder when 218 is divided by 46?
34
Calculate the remainder when 117 is divided by 67.
50
Calculate the remainder when 46 is divided by 34.
12
What is the remainder when 1099 is divided by 224?
203
Calculate the remainder when 11712 is divided by 101.
97
What is the remainder when 68 is divided by 57?
11
What is the remainder when 484 is divided by 181?
122
Calculate the remainder when 37 is divided by 19.
18
What is the remainder when 1022 is divided by 205?
202
What is the remainder when 137 is divided by 69?
68
What is the remainder when 5997 is divided by 16?
13
Calculate the remainder when 763 is divided by 51.
49
Calculate the remainder when 624 is divided by 63.
57
Calculate the remainder when 7602 is divided by 39.
36
What is the remainder when 293 is divided by 76?
65
What is the remainder when 73442 is divided by 122?
120
What is the remainder when 92 is divided by 19?
16
What is the remainder when 221 is divided by 70?
11
Calculate the remainder when 374 is divided by 29.
26
Calculate the remainder when 181 is divided by 7.
6
Calculate the remainder when 548 is divided by 70.
58
Calculate the remainder when 86 is divided by 46.
40
What is the remainder when 277 is divided by 68?
5
Calculate the remainder when 1157 is divided by 383.
8
What is the remainder when 3734 is divided by 45?
44
Calculate the remainder when 841 is divided by 76.
5
What is the remainder when 97 is divided by 10?
7
What is the remainder when 206 is divided by 105?
101
What is the remainder when 516 is divided by 47?
46
What is the remainder when 311 is divided by 78?
77
Calculate the remainder when 2166 is divided by 94.
4
Calculate the remainder when 14569 is divided by 12.
1
Calculate the remainder when 42557 is divided by 80.
77
Calculate the remainder when 1542 is divided by 119.
114
What is the remainder when 3019 is divided by 10?
9
Calculate the remainder when 3136 is divided by 3.
1
Calculate the remainder when 3010 is divided by 137.
133
What is the remainder when 686 is divided by 77?
70
Calculate the remainder when 17124 is divided by 173.
170
Calculate the remainder when 256 is divided by 126.
4
What is the remainder when 80 is divided by 29?
22
Calculate the remainder when 274 is divided by 140.
134
Calculate the remainder when 47 is divided by 39.
8
What is the remainder when 319 is divided by 109?
101
What is the remainder when 2131 is divided by 143?
129
What is the remainder when 255 is divided by 64?
63
What is the remainder when 6813 is divided by 48?
45
What is the remainder when 452 is divided by 69?
38
Calculate the remainder when 2753 is divided by 212.
209
Calculate the remainder when 692 is divided by 169.
16
Calculate the remainder when 1546 is divided by 141.
136
Calculate the remainder when 368 is divided by 37.
35
Calculate the remainder when 27631 is divided by 27.
10
What is the remainder when 8268 is divided by 5?
3
What is the remainder when 743 is divided by 260?
223
Calculate the remainder when 411 is divided by 9.
6
Calculate the remainder when 547 is divided by 61.
59
What is the remainder when 839 is divided by 12?
11
Calculate the remainder when 43468 is divided by 35.
33
Calculate the remainder when 838 is divided by 60.
58
Calculate the remainder when 69 is divided by 25.
19
Calculate the remainder when 303 is divided by 34.
31
What is the remainder when 138 is divided by 3?
0
What is the remainder when 227 is divided by 23?
20
Calculate the remainder when 82 is divided by 8.
2
Calculate the remainder when 93 is divided by 30.
3
What is the remainder when 303 is divided by 96?
15
Calculate the remainder when 810 is divided by 74.
70
Calculate the remainder when 2839 is divided by 39.
31
What is the remainder when 82 is divided by 12?
10
Calculate the remainder when 250 is divided by 12.
10
What is the remainder when 989 is divided by 90?
89
Calculate the remainder when 12733 is divided by 52.
45
Calculate the remainder when 78 is divided by 29.
20
Calculate the remainder when 455 is divided by 4.
3
Calculate the remainder when 351 is divided by 30.
21
Calculate the remainder when 128 is divided by 34.
26
Calculate the remainder when 2229 is divided by 739.
12
Calculate the remainder when 4746 is divided by 215.
16
Calculate the remainder when 143 is divided by 104.
39
Calculate the remainder when 2091 is divided by 45.
21
Calculate the remainder when 249 is divided by 21.
18
What is the remainder when 596 is divided by 293?
10
Calculate the remainder when 239 is divided by 45.
14
Calculate the remainder when 4302 is divided by 105.
102
Calculate the remainder when 1254 is divided by 622.
10
Calculate the remainder when 83 is divided by 22.
17
What is the remainder when 56 is divided by 19?
18
What is the remainder when 397 is divided by 22?
1
Calculate the remainder when 6907 is divided by 141.
139
What is the remainder when 836 is divided by 37?
22
Calculate the remainder when 155 is divided by 41.
32
What is the remainder when 167 is divided by 35?
27
Calculate the remainder when 311 is divided by 12.
11
Calculate the remainder when 9162 is divided by 79.
77
What is the remainder when 399 is divided by 25?
24
What is the remainder when 1182 is divided by 15?
12
Calculate the remainder when 126 is divided by 18.
0
What is the remainder when 548 is divided by 50?
48
What is the remainder when 50 is divided by 15?
5
Calculate the remainder when 2878 is divided by 64.
62
Calculate the remainder when 3582 is divided by 330.
282
Calculate the remainder when 3599 is divided by 60.
59
Calculate the remainder when 1095 is divided by 48.
39
Calculate the remainder when 234 is divided by 15.
9
What is the remainder when 70 is divided by 17?
2
Calculate the remainder when 323 is divided by 3.
2
What is the remainder when 112 is divided by 32?
16
Calculate the remainder when 3605 is divided by 172.
165
What is the remainder when 3764 is divided by 53?
1
Calculate the remainder when 1542 is divided by 385.
2
What is the remainder when 4587 is divided by 30?
27
Calculate the remainder when 521 is divided by 32.
9
What is the remainder when 125 is divided by 50?
25
Calculate the remainder when 1124 is divided by 221.
19
Calculate the remainder when 550 is divided by 53.
20
What is the remainder when 1046 is divided by 74?
10
Calculate the remainder when 933 is divided by 26.
23
What is the remainder when 1196 is divided by 19?
18
Calculate the remainder when 212 is divided by 55.
47
Calculate the remainder when 44 is divided by 26.
18
Calculate the remainder when 241 is divided by 27.
25
Calculate the remainder when 424 is divided by 103.
12
Calculate the remainder when 358 is divided by 23.
13
What is the remainder when 124 is divided by 21?
19
What is the remainder when 629 is divided by 79?
76
Calculate the remainder when 118 is divided by 1.
0
Calculate the remainder when 1793 is divided by 39.
38
Calculate the remainder when 523 is divided by 449.
74
What is the remainder when 158 is divided by 16?
14
Calculate the remainder when 223 is divided by 15.
13
Calculate the remainder when 305 is divided by 31.
26
Calculate the remainder when 263 is divided by 71.
50
Calculate the remainder when 3401 is divided by 74.
71
Calculate the remainder when 1366 is divided by 24.
22
Calculate the remainder when 72 is divided by 31.
10
What is the remainder when 329 is divided by 62?
19
Calculate the remainder when 389 is divided by 13.
12
What is the remainder when 41 is divided by 32?
9
Calculate the remainder when 263 is divided by 12.
11
What is the remainder when 1